{"id":122894,"date":"2024-04-02T22:42:05","date_gmt":"2024-04-02T20:42:05","guid":{"rendered":"https:\/\/www.duboeuf.com\/e-boutique\/uncategorized\/regnie-2023-selection-georges-duboeuf-gold-medal-gamay-international-competition\/"},"modified":"2024-04-02T22:42:05","modified_gmt":"2024-04-02T20:42:05","slug":"regnie-2023-selection-georges-duboeuf-gold-medal-gamay-international-competition","status":"publish","type":"product","link":"https:\/\/www.duboeuf.com\/en\/e-boutique\/product\/regnie-2023-selection-georges-duboeuf-gold-medal-gamay-international-competition\/","title":{"rendered":"R\u00e9gni\u00e9 2023 Selection Georges Duboeuf Gold Medal Gamay International Competition"},"content":{"rendered":"<p>From nine to ten.<br \/>\nThe very comfortable circle of nine has been softened by a new suitor.<br \/>\nIn other words, he had some serious arguments in his favor.<br \/>\nHe made his official entrance in 1988.<br \/>\nOn a hillside, immersed in a sea of vines between their two elders Morgon to the north and Brouilly to the south, the two neighboring villages of R\u00e9gni\u00e9 and Durette merged in 1973, as a prelude to the revision of their status and their elevation to Cru.<br \/>\nThis natural rapprochement seems to be reflected in R\u00e9gni\u00e9&#8217;s church, original to say the least, and its two bell towers, one for R\u00e9gni\u00e9, one for Durette.<br \/>\nIf you find a resemblance with the Fourvi\u00e8re basilica in Lyon, it&#8217;s hardly surprising, since the architect is the same.<br \/>\nMuch more than just a job, it&#8217;s a passion that drives the winegrowers of this young cru, who are determined to make their wines appreciated and respected.<br \/>\nIt&#8217;s been jokingly said that a single glass of R\u00e9gni\u00e9 will teach you more about the Beaujolais region than all the books written on the subject!<br \/>\nSo let&#8217;s give it a try!         <\/p>\n","protected":false},"excerpt":{"rendered":"<p>From nine to ten. The very comfortable circle of nine has been softened by a new suitor. In other words, he had some serious arguments in his favor. He made his official entrance in 1988. On a hillside, immersed in a sea of vines between their two elders Morgon to the north and Brouilly to [&hellip;]<\/p>\n","protected":false},"featured_media":122357,"template":"","meta":{"_acf_changed":false},"product_brand":[],"product_cat":[188],"product_tag":[],"region":[98],"aoc":[137],"couleur":[110],"gamme":[],"millesime":[184],"collection":[157],"class_list":{"0":"post-122894","1":"product","2":"type-product","3":"status-publish","4":"has-post-thumbnail","6":"product_cat-product","7":"region-beaujolais","8":"aoc-regnie-en","9":"couleur-red","10":"millesime-184","11":"collection-flowers","13":"first","14":"instock","15":"shipping-taxable","16":"purchasable","17":"product-type-simple"},"acf":[],"_links":{"self":[{"href":"https:\/\/www.duboeuf.com\/en\/wp-json\/wp\/v2\/product\/122894","targetHints":{"allow":["GET"]}}],"collection":[{"href":"https:\/\/www.duboeuf.com\/en\/wp-json\/wp\/v2\/product"}],"about":[{"href":"https:\/\/www.duboeuf.com\/en\/wp-json\/wp\/v2\/types\/product"}],"wp:featuredmedia":[{"embeddable":true,"href":"https:\/\/www.duboeuf.com\/en\/wp-json\/wp\/v2\/media\/122357"}],"wp:attachment":[{"href":"https:\/\/www.duboeuf.com\/en\/wp-json\/wp\/v2\/media?parent=122894"}],"wp:term":[{"taxonomy":"product_brand","embeddable":true,"href":"https:\/\/www.duboeuf.com\/en\/wp-json\/wp\/v2\/product_brand?post=122894"},{"taxonomy":"product_cat","embeddable":true,"href":"https:\/\/www.duboeuf.com\/en\/wp-json\/wp\/v2\/product_cat?post=122894"},{"taxonomy":"product_tag","embeddable":true,"href":"https:\/\/www.duboeuf.com\/en\/wp-json\/wp\/v2\/product_tag?post=122894"},{"taxonomy":"region","embeddable":true,"href":"https:\/\/www.duboeuf.com\/en\/wp-json\/wp\/v2\/region?post=122894"},{"taxonomy":"aoc","embeddable":true,"href":"https:\/\/www.duboeuf.com\/en\/wp-json\/wp\/v2\/aoc?post=122894"},{"taxonomy":"couleur","embeddable":true,"href":"https:\/\/www.duboeuf.com\/en\/wp-json\/wp\/v2\/couleur?post=122894"},{"taxonomy":"gamme","embeddable":true,"href":"https:\/\/www.duboeuf.com\/en\/wp-json\/wp\/v2\/gamme?post=122894"},{"taxonomy":"millesime","embeddable":true,"href":"https:\/\/www.duboeuf.com\/en\/wp-json\/wp\/v2\/millesime?post=122894"},{"taxonomy":"collection","embeddable":true,"href":"https:\/\/www.duboeuf.com\/en\/wp-json\/wp\/v2\/collection?post=122894"}],"curies":[{"name":"wp","href":"https:\/\/api.w.org\/{rel}","templated":true}]}}

Régnié 2023 Selection Georges Duboeuf Gold Medal Gamay International Competition

<p>From nine to ten.<br />
The very comfortable circle of nine has been softened by a new suitor.<br />
In other words, he had some serious arguments in his favor.<br />
He made his official entrance in 1988.<br />
On a hillside, immersed in a sea of vines between their two elders Morgon to the north and Brouilly to the south, the two neighboring villages of Régnié and Durette merged in 1973, as a prelude to the revision of their status and their elevation to Cru.<br />
This natural rapprochement seems to be reflected in Régnié&#8217;s church, original to say the least, and its two bell towers, one for Régnié, one for Durette.<br />
If you find a resemblance with the Fourvière basilica in Lyon, it&#8217;s hardly surprising, since the architect is the same.<br />
Much more than just a job, it&#8217;s a passion that drives the winegrowers of this young cru, who are determined to make their wines appreciated and respected.<br />
It&#8217;s been jokingly said that a single glass of Régnié will teach you more about the Beaujolais region than all the books written on the subject!<br />
So let&#8217;s give it a try!         </p>
