{"id":124658,"date":"2025-10-17T10:17:24","date_gmt":"2025-10-17T08:17:24","guid":{"rendered":"https:\/\/www.duboeuf.com\/?post_type=product&#038;p=124658"},"modified":"2026-04-21T15:51:06","modified_gmt":"2026-04-21T13:51:06","slug":"fleurie-2022-lieu-dit-les-moriers","status":"publish","type":"product","link":"https:\/\/www.duboeuf.com\/en\/e-boutique\/product\/fleurie-2022-lieu-dit-les-moriers\/","title":{"rendered":"Fleurie 2022 Lieu-Dit Les Moriers"},"content":{"rendered":"<p>Robe brillante grenat profond. Le fruit\u00e9 est de grande qualit\u00e9 avec des ar\u00f4mes de petites baies noires fra\u00eeches, des parfums de cerises \u00e0 l&#8217;eau-de-vie, agr\u00e9ment\u00e9 d&#8217;effluves \u00e9pic\u00e9es. La noblesse du terroir transpara\u00eet. Ce Fleurie poss\u00e8de toutes les vertus : pulpeux d\u00e8s l&#8217;attaque avec une parfaite maturit\u00e9 du fruit, du tanin millim\u00e9tr\u00e9 et merveilleusement velout\u00e9. Capiteux et puissant, c&#8217;est un vin bien arm\u00e9 pour la garde. Coup de c\u0153ur !<br \/>\nNotes :<br \/>\nJames Suckling 94 Points<\/p>\n","protected":false},"excerpt":{"rendered":"<p>Robe brillante grenat profond. Le fruit\u00e9 est de grande qualit\u00e9 avec des ar\u00f4mes de petites baies noires fra\u00eeches, des parfums de cerises \u00e0 l&#8217;eau-de-vie, agr\u00e9ment\u00e9 d&#8217;effluves \u00e9pic\u00e9es. La noblesse du terroir transpara\u00eet. Ce Fleurie poss\u00e8de toutes les vertus : pulpeux d\u00e8s l&#8217;attaque avec une parfaite maturit\u00e9 du fruit, du tanin millim\u00e9tr\u00e9 et merveilleusement velout\u00e9. Capiteux [&hellip;]<\/p>\n","protected":false},"featured_media":124659,"template":"","meta":{"_acf_changed":false},"product_brand":[],"product_cat":[29],"product_tag":[],"region":[33],"aoc":[73],"couleur":[92],"gamme":[],"millesime":[177],"collection":[152],"class_list":{"0":"post-124658","1":"product","2":"type-product","3":"status-publish","4":"has-post-thumbnail","6":"product_cat-produit","7":"region-vins-du-beaujolais","8":"aoc-fleurie","9":"couleur-rouge","10":"millesime-177","11":"collection-lieux-dits","13":"first","14":"instock","15":"shipping-taxable","16":"purchasable","17":"product-type-simple"},"acf":[],"_links":{"self":[{"href":"https:\/\/www.duboeuf.com\/en\/wp-json\/wp\/v2\/product\/124658","targetHints":{"allow":["GET"]}}],"collection":[{"href":"https:\/\/www.duboeuf.com\/en\/wp-json\/wp\/v2\/product"}],"about":[{"href":"https:\/\/www.duboeuf.com\/en\/wp-json\/wp\/v2\/types\/product"}],"wp:featuredmedia":[{"embeddable":true,"href":"https:\/\/www.duboeuf.com\/en\/wp-json\/wp\/v2\/media\/124659"}],"wp:attachment":[{"href":"https:\/\/www.duboeuf.com\/en\/wp-json\/wp\/v2\/media?parent=124658"}],"wp:term":[{"taxonomy":"product_brand","embeddable":true,"href":"https:\/\/www.duboeuf.com\/en\/wp-json\/wp\/v2\/product_brand?post=124658"},{"taxonomy":"product_cat","embeddable":true,"href":"https:\/\/www.duboeuf.com\/en\/wp-json\/wp\/v2\/product_cat?post=124658"},{"taxonomy":"product_tag","embeddable":true,"href":"https:\/\/www.duboeuf.com\/en\/wp-json\/wp\/v2\/product_tag?post=124658"},{"taxonomy":"region","embeddable":true,"href":"https:\/\/www.duboeuf.com\/en\/wp-json\/wp\/v2\/region?post=124658"},{"taxonomy":"aoc","embeddable":true,"href":"https:\/\/www.duboeuf.com\/en\/wp-json\/wp\/v2\/aoc?post=124658"},{"taxonomy":"couleur","embeddable":true,"href":"https:\/\/www.duboeuf.com\/en\/wp-json\/wp\/v2\/couleur?post=124658"},{"taxonomy":"gamme","embeddable":true,"href":"https:\/\/www.duboeuf.com\/en\/wp-json\/wp\/v2\/gamme?post=124658"},{"taxonomy":"millesime","embeddable":true,"href":"https:\/\/www.duboeuf.com\/en\/wp-json\/wp\/v2\/millesime?post=124658"},{"taxonomy":"collection","embeddable":true,"href":"https:\/\/www.duboeuf.com\/en\/wp-json\/wp\/v2\/collection?post=124658"}],"curies":[{"name":"wp","href":"https:\/\/api.w.org\/{rel}","templated":true}]}}

<p>Robe brillante grenat profond. Le fruité est de grande qualité avec des arômes de petites baies noires fraîches, des parfums de cerises à l&#8217;eau-de-vie, agrémenté d&#8217;effluves épicées. La noblesse du terroir transparaît. Ce Fleurie possède toutes les vertus : pulpeux dès l&#8217;attaque avec une parfaite maturité du fruit, du tanin millimétré et merveilleusement velouté. Capiteux et puissant, c&#8217;est un vin bien armé pour la garde. Coup de cœur !<br />
Notes :<br />
James Suckling 94 Points</p>

<p>Robe brillante grenat profond. Le fruité est de grande qualité avec des arômes de petites baies noires fraîches, des parfums de cerises à l&#8217;eau-de-vie, agrémenté d&#8217;effluves épicées. La noblesse du terroir transparaît. Ce Fleurie possède toutes les vertus : pulpeux dès l&#8217;attaque avec une parfaite maturité du fruit, du tanin millimétré et merveilleusement velouté. Capiteux [&hellip;]</p>
