{"id":9944,"date":"2022-06-24T22:07:07","date_gmt":"2022-06-24T20:07:07","guid":{"rendered":"https:\/\/www.duboeuf.com\/e-boutique\/uncategorized\/macon-villages-blanc-selection-georges-duboeuf\/"},"modified":"2024-11-14T08:04:21","modified_gmt":"2024-11-14T07:04:21","slug":"macon-villages-blanc-selection-georges-duboeuf","status":"publish","type":"product","link":"https:\/\/www.duboeuf.com\/en\/e-boutique\/data-sheet\/macon-villages-blanc-selection-georges-duboeuf\/","title":{"rendered":"M\u00e2con-Villages Blanc S\u00e9lection Georges Duboeuf"},"content":{"rendered":"<p>Between M\u00e2con to the south, Tournus to the north and Cluny in the west, the noble and very Burgundian Chardonnay reigns as absolute master on these limestone soils that suit it so well. Here we are at the heart of the gently undulating countryside so loved by the poet Lamartine. He was born in M\u00e2con in 1790 and spent the whole of his childhood in the picturesque village of Milly. The great love of his youth, Elvire, triggered his literary vocation. Throughout his extremely active life, Lamartine pursued a dual career of poet and leading politician.<\/p>\n<p>The M\u00e2con-Villages whites are light, cheerful, charming wines, especially when very young. Whatever the vintage, they are full of fruity and floral subtleties, enhanced by lemony nuances. They are delightfully delicate and simple.<\/p>\n","protected":false},"excerpt":{"rendered":"<p>Between M\u00e2con to the south, Tournus to the north and Cluny in the west, the noble and very Burgundian Chardonnay reigns as absolute master on these limestone soils that suit it so well. Here we are at the heart of the gently undulating countryside so loved by the poet Lamartine. He was born in M\u00e2con [&hellip;]<\/p>\n","protected":false},"featured_media":3176,"template":"","meta":{"_acf_changed":false},"product_brand":[],"product_cat":[38],"product_tag":[],"region":[100],"aoc":[131],"couleur":[173],"gamme":[],"millesime":[],"collection":[157],"class_list":{"0":"post-9944","1":"product","2":"type-product","3":"status-publish","4":"has-post-thumbnail","6":"product_cat-data-sheet","7":"region-maconnais","8":"aoc-macon-villages-blanc-en","9":"couleur-white","10":"collection-flowers","12":"first","13":"outofstock","14":"product-type-simple"},"acf":[],"_links":{"self":[{"href":"https:\/\/www.duboeuf.com\/en\/wp-json\/wp\/v2\/product\/9944","targetHints":{"allow":["GET"]}}],"collection":[{"href":"https:\/\/www.duboeuf.com\/en\/wp-json\/wp\/v2\/product"}],"about":[{"href":"https:\/\/www.duboeuf.com\/en\/wp-json\/wp\/v2\/types\/product"}],"wp:featuredmedia":[{"embeddable":true,"href":"https:\/\/www.duboeuf.com\/en\/wp-json\/wp\/v2\/media\/3176"}],"wp:attachment":[{"href":"https:\/\/www.duboeuf.com\/en\/wp-json\/wp\/v2\/media?parent=9944"}],"wp:term":[{"taxonomy":"product_brand","embeddable":true,"href":"https:\/\/www.duboeuf.com\/en\/wp-json\/wp\/v2\/product_brand?post=9944"},{"taxonomy":"product_cat","embeddable":true,"href":"https:\/\/www.duboeuf.com\/en\/wp-json\/wp\/v2\/product_cat?post=9944"},{"taxonomy":"product_tag","embeddable":true,"href":"https:\/\/www.duboeuf.com\/en\/wp-json\/wp\/v2\/product_tag?post=9944"},{"taxonomy":"region","embeddable":true,"href":"https:\/\/www.duboeuf.com\/en\/wp-json\/wp\/v2\/region?post=9944"},{"taxonomy":"aoc","embeddable":true,"href":"https:\/\/www.duboeuf.com\/en\/wp-json\/wp\/v2\/aoc?post=9944"},{"taxonomy":"couleur","embeddable":true,"href":"https:\/\/www.duboeuf.com\/en\/wp-json\/wp\/v2\/couleur?post=9944"},{"taxonomy":"gamme","embeddable":true,"href":"https:\/\/www.duboeuf.com\/en\/wp-json\/wp\/v2\/gamme?post=9944"},{"taxonomy":"millesime","embeddable":true,"href":"https:\/\/www.duboeuf.com\/en\/wp-json\/wp\/v2\/millesime?post=9944"},{"taxonomy":"collection","embeddable":true,"href":"https:\/\/www.duboeuf.com\/en\/wp-json\/wp\/v2\/collection?post=9944"}],"curies":[{"name":"wp","href":"https:\/\/api.w.org\/{rel}","templated":true}]}}

Mâcon-Villages Blanc Sélection Georges Duboeuf

<p>Between Mâcon to the south, Tournus to the north and Cluny in the west, the noble and very Burgundian Chardonnay reigns as absolute master on these limestone soils that suit it so well. Here we are at the heart of the gently undulating countryside so loved by the poet Lamartine. He was born in Mâcon in 1790 and spent the whole of his childhood in the picturesque village of Milly. The great love of his youth, Elvire, triggered his literary vocation. Throughout his extremely active life, Lamartine pursued a dual career of poet and leading politician.</p>
<p>The Mâcon-Villages whites are light, cheerful, charming wines, especially when very young. Whatever the vintage, they are full of fruity and floral subtleties, enhanced by lemony nuances. They are delightfully delicate and simple.</p>

<p>Between Mâcon to the south, Tournus to the north and Cluny in the west, the noble and very Burgundian Chardonnay reigns as absolute master on these limestone soils that suit it so well. Here we are at the heart of the gently undulating countryside so loved by the poet Lamartine. He was born in Mâcon [&hellip;]</p>
