{"version":"1.0","provider_name":"Les Vins Georges Duboeuf","provider_url":"https:\/\/www.duboeuf.com\/fr\/","title":"Affiche 2014 : Jacques VILLEGLE - Les Vins Georges Duboeuf","type":"rich","width":600,"height":338,"html":"<blockquote class=\"wp-embedded-content\" data-secret=\"rh8NpF9FB6\"><a href=\"https:\/\/www.duboeuf.com\/fr\/affiche-2014-jacques-villegle\/\">Affiche 2014 : Jacques VILLEGLE<\/a><\/blockquote><iframe sandbox=\"allow-scripts\" security=\"restricted\" src=\"https:\/\/www.duboeuf.com\/fr\/affiche-2014-jacques-villegle\/embed\/#?secret=rh8NpF9FB6\" width=\"600\" height=\"338\" title=\"\u00ab\u00a0Affiche 2014 : Jacques VILLEGLE\u00a0\u00bb &#8212; Les Vins Georges Duboeuf\" data-secret=\"rh8NpF9FB6\" frameborder=\"0\" marginwidth=\"0\" marginheight=\"0\" scrolling=\"no\" class=\"wp-embedded-content\"><\/iframe><script>\n\/*! This file is auto-generated *\/\n!function(d,l){\"use strict\";l.querySelector&&d.addEventListener&&\"undefined\"!=typeof URL&&(d.wp=d.wp||{},d.wp.receiveEmbedMessage||(d.wp.receiveEmbedMessage=function(e){var t=e.data;if((t||t.secret||t.message||t.value)&&!\/[^a-zA-Z0-9]\/.test(t.secret)){for(var s,r,n,a=l.querySelectorAll('iframe[data-secret=\"'+t.secret+'\"]'),o=l.querySelectorAll('blockquote[data-secret=\"'+t.secret+'\"]'),c=new RegExp(\"^https?:$\",\"i\"),i=0;i<o.length;i++)o[i].style.display=\"none\";for(i=0;i<a.length;i++)s=a[i],e.source===s.contentWindow&&(s.removeAttribute(\"style\"),\"height\"===t.message?(1e3<(r=parseInt(t.value,10))?r=1e3:~~r<200&&(r=200),s.height=r):\"link\"===t.message&&(r=new URL(s.getAttribute(\"src\")),n=new URL(t.value),c.test(n.protocol))&&n.host===r.host&&l.activeElement===s&&(d.top.location.href=t.value))}},d.addEventListener(\"message\",d.wp.receiveEmbedMessage,!1),l.addEventListener(\"DOMContentLoaded\",function(){for(var e,t,s=l.querySelectorAll(\"iframe.wp-embedded-content\"),r=0;r<s.length;r++)(t=(e=s[r]).getAttribute(\"data-secret\"))||(t=Math.random().toString(36).substring(2,12),e.src+=\"#?secret=\"+t,e.setAttribute(\"data-secret\",t)),e.contentWindow.postMessage({message:\"ready\",secret:t},\"*\")},!1)))}(window,document);\n\/\/# sourceURL=https:\/\/www.duboeuf.com\/wp-includes\/js\/wp-embed.min.js\n<\/script>\n","thumbnail_url":"https:\/\/www.duboeuf.com\/wp-content\/uploads\/2022\/05\/Beaujolais-Nouveau-2014-scaled.jpg","thumbnail_width":1707,"thumbnail_height":2560,"description":"N\u00e9 Jacques Mah\u00e9 de La Villegl\u00e9 le 27 mars 1926 \u00e0 Quimper, c\u2019est plasticien et peintre fran\u00e7ais. Il cr\u00e9e des \u0153uvres \u00e0 partir d'affiches lac\u00e9r\u00e9es par des passants anonymes ou ab\u00eem\u00e9es par les conditions climatiques en les d\u00e9collant de leur support dans la rue."}

Né Jacques Mahé de La Villeglé le 27 mars 1926 à Quimper, c’est plasticien et peintre français. Il crée des œuvres à partir d'affiches lacérées par des passants anonymes ou abîmées par les conditions climatiques en les décollant de leur support dans la rue.
