{"id":125240,"date":"2026-03-06T08:18:14","date_gmt":"2026-03-06T07:18:14","guid":{"rendered":"https:\/\/www.duboeuf.com\/?post_type=product&#038;p=125240"},"modified":"2026-04-21T15:51:07","modified_gmt":"2026-04-21T13:51:07","slug":"beaujolais-villages-2025-selection-georges-duboeuf","status":"publish","type":"product","link":"https:\/\/www.duboeuf.com\/fr\/e-boutique\/produit\/beaujolais-villages-2025-selection-georges-duboeuf\/","title":{"rendered":"Beaujolais-Villages 2025 Selection Georges Duboeuf"},"content":{"rendered":"<p>38 communes (31 situ\u00e9es dans le Rh\u00f4ne et 7 en Sa\u00f4ne et Loire) r\u00e9parties sur 3 zones g\u00e9ographiques aux sp\u00e9cificit\u00e9s marqu\u00e9es, donnent vie au Beaujolais-Villages, premi\u00e8re appellation fran\u00e7aise \u00e0 avoir utilis\u00e9 le terme \u00ab\u00a0Villages\u00a0\u00bb. Le mot \u00ab\u00a0villages\u00a0\u00bb a \u00e9t\u00e9 adopt\u00e9 en 1950 pour remplacer la multiplicit\u00e9 des noms de communes qui pouvaient \u00eatre ajout\u00e9s sur l&rsquo;\u00e9tiquette \u00e0 l&rsquo;appellation Beaujolais pour distinguer des productions consid\u00e9r\u00e9es comme sup\u00e9rieures.<\/p>\n<p>Ce d\u00e9lectable vin rouge marque une sorte de transition entre le Beaujolais \u00ab\u00a0tout court\u00a0\u00bb au caract\u00e8re primesautier et les prestigieux dix crus. Toutes les nuances sont possibles, mais les vins allient toujours finesse, ar\u00f4mes et corps.<\/p>\n","protected":false},"excerpt":{"rendered":"<p>38 communes (31 situ\u00e9es dans le Rh\u00f4ne et 7 en Sa\u00f4ne et Loire) r\u00e9parties sur 3 zones g\u00e9ographiques aux sp\u00e9cificit\u00e9s marqu\u00e9es, donnent vie au Beaujolais-Villages, premi\u00e8re appellation fran\u00e7aise \u00e0 avoir utilis\u00e9 le terme \u00ab\u00a0Villages\u00a0\u00bb. Le mot \u00ab\u00a0villages\u00a0\u00bb a \u00e9t\u00e9 adopt\u00e9 en 1950 pour remplacer la multiplicit\u00e9 des noms de communes qui pouvaient \u00eatre ajout\u00e9s sur [&hellip;]<\/p>\n","protected":false},"featured_media":125241,"template":"","meta":{"_acf_changed":false},"product_brand":[],"product_cat":[29],"product_tag":[],"region":[33],"aoc":[66],"couleur":[92],"gamme":[],"millesime":[197],"collection":[156],"class_list":{"0":"post-125240","1":"product","2":"type-product","3":"status-publish","4":"has-post-thumbnail","6":"product_cat-produit","7":"region-vins-du-beaujolais","8":"aoc-beaujolais-villages","9":"couleur-rouge","10":"millesime-197","11":"collection-fleurs","13":"first","14":"instock","15":"shipping-taxable","16":"purchasable","17":"product-type-simple"},"acf":[],"_links":{"self":[{"href":"https:\/\/www.duboeuf.com\/fr\/wp-json\/wp\/v2\/product\/125240","targetHints":{"allow":["GET"]}}],"collection":[{"href":"https:\/\/www.duboeuf.com\/fr\/wp-json\/wp\/v2\/product"}],"about":[{"href":"https:\/\/www.duboeuf.com\/fr\/wp-json\/wp\/v2\/types\/product"}],"wp:featuredmedia":[{"embeddable":true,"href":"https:\/\/www.duboeuf.com\/fr\/wp-json\/wp\/v2\/media\/125241"}],"wp:attachment":[{"href":"https:\/\/www.duboeuf.com\/fr\/wp-json\/wp\/v2\/media?parent=125240"}],"wp:term":[{"taxonomy":"product_brand","embeddable":true,"href":"https:\/\/www.duboeuf.com\/fr\/wp-json\/wp\/v2\/product_brand?post=125240"},{"taxonomy":"product_cat","embeddable":true,"href":"https:\/\/www.duboeuf.com\/fr\/wp-json\/wp\/v2\/product_cat?post=125240"},{"taxonomy":"product_tag","embeddable":true,"href":"https:\/\/www.duboeuf.com\/fr\/wp-json\/wp\/v2\/product_tag?post=125240"},{"taxonomy":"region","embeddable":true,"href":"https:\/\/www.duboeuf.com\/fr\/wp-json\/wp\/v2\/region?post=125240"},{"taxonomy":"aoc","embeddable":true,"href":"https:\/\/www.duboeuf.com\/fr\/wp-json\/wp\/v2\/aoc?post=125240"},{"taxonomy":"couleur","embeddable":true,"href":"https:\/\/www.duboeuf.com\/fr\/wp-json\/wp\/v2\/couleur?post=125240"},{"taxonomy":"gamme","embeddable":true,"href":"https:\/\/www.duboeuf.com\/fr\/wp-json\/wp\/v2\/gamme?post=125240"},{"taxonomy":"millesime","embeddable":true,"href":"https:\/\/www.duboeuf.com\/fr\/wp-json\/wp\/v2\/millesime?post=125240"},{"taxonomy":"collection","embeddable":true,"href":"https:\/\/www.duboeuf.com\/fr\/wp-json\/wp\/v2\/collection?post=125240"}],"curies":[{"name":"wp","href":"https:\/\/api.w.org\/{rel}","templated":true}]}}

<p>38 communes (31 situées dans le Rhône et 7 en Saône et Loire) réparties sur 3 zones géographiques aux spécificités marquées, donnent vie au Beaujolais-Villages, première appellation française à avoir utilisé le terme « Villages ». Le mot « villages » a été adopté en 1950 pour remplacer la multiplicité des noms de communes qui pouvaient être ajoutés sur l&rsquo;étiquette à l&rsquo;appellation Beaujolais pour distinguer des productions considérées comme supérieures.</p>
<p>Ce délectable vin rouge marque une sorte de transition entre le Beaujolais « tout court » au caractère primesautier et les prestigieux dix crus. Toutes les nuances sont possibles, mais les vins allient toujours finesse, arômes et corps.</p>

<p>38 communes (31 situées dans le Rhône et 7 en Saône et Loire) réparties sur 3 zones géographiques aux spécificités marquées, donnent vie au Beaujolais-Villages, première appellation française à avoir utilisé le terme « Villages ». Le mot « villages » a été adopté en 1950 pour remplacer la multiplicité des noms de communes qui pouvaient être ajoutés sur [&hellip;]</p>
