{"id":125252,"date":"2026-03-06T08:18:36","date_gmt":"2026-03-06T07:18:36","guid":{"rendered":"https:\/\/www.duboeuf.com\/?post_type=product&#038;p=125252"},"modified":"2026-04-21T15:51:08","modified_gmt":"2026-04-21T13:51:08","slug":"colis-printemps-2026-2024-vins-biologiques-6-bouteilles","status":"publish","type":"product","link":"https:\/\/www.duboeuf.com\/fr\/e-boutique\/divers\/colis-printemps-2026-2024-vins-biologiques-6-bouteilles\/","title":{"rendered":"Colis Printemps 2026 2024 Vins Biologiques  6 Bouteilles"},"content":{"rendered":"<p>Vins Biologiques du Beaujolais et M\u00e2connais : L&rsquo;expression d&rsquo;un Terroir Vivant.<br \/>\nLaissez-vous s\u00e9duire par nos vins biologiques, fruits d&rsquo;une agriculture respectueuse de la nature et des terroirs du Beaujolais et du M\u00e2connais. Nos Gamay et Chardonnay, cultiv\u00e9s en harmonie avec l&rsquo;environnement, r\u00e9v\u00e8lent toute la puret\u00e9 et l&rsquo;authenticit\u00e9 de leur origine.<br \/>\nDes Vins Riches en Ar\u00f4mes et en Saveurs :<br \/>\n\u2022 Rouges : Des notes gourmandes de fruits rouges et noirs, pour des moments de d\u00e9gustation conviviaux.<br \/>\n\u2022 Blancs : Fra\u00eecheur et finesse aromatique, parfaits pour accompagner vos repas.<br \/>\n\u2022 1 bouteille Beaujolais BIO 2024 \u00ab S\u00e9lection Georges DUBOEUF \u00bb<br \/>\n\u2022 1 bouteille de Beaujolais-Villages BIO 2024 \u00ab S\u00e9lection Georges DUBOEUF \u00bb<br \/>\n\u2022 1 bouteille de Brouilly BIO 2024 \u00ab S\u00e9lection Georges DUBOEUF \u00bb<br \/>\n\u2022 1 bouteille de Fleurie BIO 2024 \u00ab S\u00e9lection Georges DUBOEUF \u00bb<br \/>\n\u2022 1 bouteille de M\u00e2con-Villages BIO 2024 \u00ab S\u00e9lection Georges DUBOEUF \u00bb<br \/>\n\u2022 1 bouteille de Saint-V\u00e9ran BIO 2024 \u00ab S\u00e9lection Georges DUBOEUF \u00bb<\/p>\n","protected":false},"excerpt":{"rendered":"<p>Vins Biologiques du Beaujolais et M\u00e2connais : L&rsquo;expression d&rsquo;un Terroir Vivant. Laissez-vous s\u00e9duire par nos vins biologiques, fruits d&rsquo;une agriculture respectueuse de la nature et des terroirs du Beaujolais et du M\u00e2connais. Nos Gamay et Chardonnay, cultiv\u00e9s en harmonie avec l&rsquo;environnement, r\u00e9v\u00e8lent toute la puret\u00e9 et l&rsquo;authenticit\u00e9 de leur origine. Des Vins Riches en Ar\u00f4mes [&hellip;]<\/p>\n","protected":false},"featured_media":125286,"template":"","meta":{"_acf_changed":false},"product_brand":[],"product_cat":[15],"product_tag":[],"region":[],"aoc":[68],"couleur":[92],"gamme":[],"millesime":[192],"collection":[156],"class_list":{"0":"post-125252","1":"product","2":"type-product","3":"status-publish","4":"has-post-thumbnail","6":"product_cat-divers","7":"aoc-assortiments-divers","8":"couleur-rouge","9":"millesime-192","10":"collection-fleurs","12":"first","13":"instock","14":"shipping-taxable","15":"purchasable","16":"product-type-simple"},"acf":[],"_links":{"self":[{"href":"https:\/\/www.duboeuf.com\/fr\/wp-json\/wp\/v2\/product\/125252","targetHints":{"allow":["GET"]}}],"collection":[{"href":"https:\/\/www.duboeuf.com\/fr\/wp-json\/wp\/v2\/product"}],"about":[{"href":"https:\/\/www.duboeuf.com\/fr\/wp-json\/wp\/v2\/types\/product"}],"wp:featuredmedia":[{"embeddable":true,"href":"https:\/\/www.duboeuf.com\/fr\/wp-json\/wp\/v2\/media\/125286"}],"wp:attachment":[{"href":"https:\/\/www.duboeuf.com\/fr\/wp-json\/wp\/v2\/media?parent=125252"}],"wp:term":[{"taxonomy":"product_brand","embeddable":true,"href":"https:\/\/www.duboeuf.com\/fr\/wp-json\/wp\/v2\/product_brand?post=125252"},{"taxonomy":"product_cat","embeddable":true,"href":"https:\/\/www.duboeuf.com\/fr\/wp-json\/wp\/v2\/product_cat?post=125252"},{"taxonomy":"product_tag","embeddable":true,"href":"https:\/\/www.duboeuf.com\/fr\/wp-json\/wp\/v2\/product_tag?post=125252"},{"taxonomy":"region","embeddable":true,"href":"https:\/\/www.duboeuf.com\/fr\/wp-json\/wp\/v2\/region?post=125252"},{"taxonomy":"aoc","embeddable":true,"href":"https:\/\/www.duboeuf.com\/fr\/wp-json\/wp\/v2\/aoc?post=125252"},{"taxonomy":"couleur","embeddable":true,"href":"https:\/\/www.duboeuf.com\/fr\/wp-json\/wp\/v2\/couleur?post=125252"},{"taxonomy":"gamme","embeddable":true,"href":"https:\/\/www.duboeuf.com\/fr\/wp-json\/wp\/v2\/gamme?post=125252"},{"taxonomy":"millesime","embeddable":true,"href":"https:\/\/www.duboeuf.com\/fr\/wp-json\/wp\/v2\/millesime?post=125252"},{"taxonomy":"collection","embeddable":true,"href":"https:\/\/www.duboeuf.com\/fr\/wp-json\/wp\/v2\/collection?post=125252"}],"curies":[{"name":"wp","href":"https:\/\/api.w.org\/{rel}","templated":true}]}}

<p>Vins Biologiques du Beaujolais et Mâconnais : L&rsquo;expression d&rsquo;un Terroir Vivant.<br />
Laissez-vous séduire par nos vins biologiques, fruits d&rsquo;une agriculture respectueuse de la nature et des terroirs du Beaujolais et du Mâconnais. Nos Gamay et Chardonnay, cultivés en harmonie avec l&rsquo;environnement, révèlent toute la pureté et l&rsquo;authenticité de leur origine.<br />
Des Vins Riches en Arômes et en Saveurs :<br />
• Rouges : Des notes gourmandes de fruits rouges et noirs, pour des moments de dégustation conviviaux.<br />
• Blancs : Fraîcheur et finesse aromatique, parfaits pour accompagner vos repas.<br />
• 1 bouteille Beaujolais BIO 2024 « Sélection Georges DUBOEUF »<br />
• 1 bouteille de Beaujolais-Villages BIO 2024 « Sélection Georges DUBOEUF »<br />
• 1 bouteille de Brouilly BIO 2024 « Sélection Georges DUBOEUF »<br />
• 1 bouteille de Fleurie BIO 2024 « Sélection Georges DUBOEUF »<br />
• 1 bouteille de Mâcon-Villages BIO 2024 « Sélection Georges DUBOEUF »<br />
• 1 bouteille de Saint-Véran BIO 2024 « Sélection Georges DUBOEUF »</p>

<p>Vins Biologiques du Beaujolais et Mâconnais : L&rsquo;expression d&rsquo;un Terroir Vivant. Laissez-vous séduire par nos vins biologiques, fruits d&rsquo;une agriculture respectueuse de la nature et des terroirs du Beaujolais et du Mâconnais. Nos Gamay et Chardonnay, cultivés en harmonie avec l&rsquo;environnement, révèlent toute la pureté et l&rsquo;authenticité de leur origine. Des Vins Riches en Arômes [&hellip;]</p>
